lculate the remainder when 8328 is divided by 98.
96
Calculate the remainder when 11927 is divided by 19.
14
Calculate the remainder when 7477 is divided by 44.
41
Calculate the remainder when 39 is divided by 12.
3
Calculate the remainder when 148 is divided by 38.
34
What is the remainder when 29086 is divided by 202?
200
What is the remainder when 609 is divided by 23?
11
Calculate the remainder when 1439 is divided by 13.
9
Calculate the remainder when 417 is divided by 17.
9
What is the remainder when 5962 is divided by 117?
112
Calculate the remainder when 48 is divided by 28.
20
Calculate the remainder when 1213 is divided by 15.
13
What is the remainder when 291 is divided by 37?
32
What is the remainder when 579 is divided by 73?
68
What is the remainder when 1150 is divided by 21?
16
What is the remainder when 278 is divided by 41?
32
What is the remainder when 113 is divided by 32?
17
Calculate the remainder when 205 is divided by 13.
10
What is the remainder when 3355 is divided by 14?
9
Calculate the remainder when 387 is divided by 47.
11
What is the remainder when 5017 is divided by 251?
248
Calculate the remainder when 88 is divided by 20.
8
What is the remainder when 2076 is divided by 116?
104
What is the remainder when 50 is divided by 9?
5
Calculate the remainder when 580 is divided by 570.
10
What is the remainder when 372 is divided by 73?
7
Calculate the remainder when 317 is divided by 2.
1
Calculate the remainder when 65 is divided by 17.
14
Calculate the remainder when 71 is divided by 25.
21
What is the remainder when 73 is divided by 7?
3
What is the remainder when 1247 is divided by 114?
107
What is the remainder when 835 is divided by 337?
161
Calculate the remainder when 6906 is divided by 1149.
12
Calculate the remainder when 11758 is divided by 35.
33
What is the remainder when 35 is divided by 13?
9
What is the remainder when 466 is divided by 466?
0
What is the remainder when 1304 is divided by 259?
9
What is the remainder when 129 is divided by 77?
52
What is the remainder when 188 is divided by 72?
44
Calculate the remainder when 68 is divided by 15.
8
What is the remainder when 52 is divided by 4?
0
Calculate the remainder when 10647 is divided by 296.
287
What is the remainder when 130 is divided by 11?
9
What is the remainder when 28435 is divided by 118?
115
Calculate the remainder when 4829 is divided by 230.
229
Calculate the remainder when 125 is divided by 9.
8
Calculate the remainder when 181 is divided by 89.
3
What is the remainder when 462 is divided by 94?
86
What is the remainder when 87 is divided by 49?
38
Calculate the remainder when 317 is divided by 86.
59
What is the remainder when 19367 is divided by 7?
5
Calculate the remainder when 845 is divided by 130.
65
What is the remainder when 323 is divided by 51?
17
Calculate the remainder when 43799 is divided by 300.
299
What is the remainder when 553 is divided by 119?
77
Calculate the remainder when 561 is divided by 38.
29
Calculate the remainder when 38 is divided by 25.
13
Calculate the remainder when 681 is divided by 57.
54
Calculate the remainder when 28916 is divided by 482.
478
What is the remainder when 13562 is divided by 357?
353
Calculate the remainder when 483 is divided by 238.
7
Calculate the remainder when 76 is divided by 17.
8
Calculate the remainder when 204 is divided by 14.
8
What is the remainder when 12670 is divided by 29?
26
Calculate the remainder when 2326 is divided by 461.
21
What is the remainder when 684 is divided by 49?
47
Calculate the remainder when 77 is divided by 29.
19
What is the remainder when 180 is divided by 43?
8
Calculate the remainder when 221 is divided by 69.
14
Calculate the remainder when 83 is divided by 55.
28
What is the remainder when 423 is divided by 110?
93
What is the remainder when 407 is divided by 20?
7
Calculate the remainder when 40 is divided by 11.
7
What is the remainder when 557 is divided by 58?
35
What is the remainder when 1054 is divided by 90?
64
What is the remainder when 369 is divided by 61?
3
Calculate the remainder when 1705 is divided by 52.
41
Calculate the remainder when 1076 is divided by 98.
96
What is the remainder when 135 is divided by 73?
62
What is the remainder when 569 is divided by 72?
65
Calculate the remainder when 190 is divided by 54.
28
What is the remainder when 424 is divided by 86?
80
What is the remainder when 254 is divided by 5?
4
What is the remainder when 1195 is divided by 21?
19
Calculate the remainder when 243 is divided by 36.
27
Calculate the remainder when 950 is divided by 64.
54
What is the remainder when 189 is divided by 3?
0
Calculate the remainder when 1978 is divided by 203.
151
What is the remainder when 10126 is divided by 3?
1
What is the remainder when 451 is divided by 50?
1
What is the remainder when 2388 is divided by 124?
32
Calculate the remainder when 2486 is divided by 10.
6
What is the remainder when 1436 is divided by 355?
16
Calculate the remainder when 309 is divided by 31.
30
Calculate the remainder when 210 is divided by 15.
0
What is the remainder when 117 is divided by 30?
27
Calculate the remainder when 268 is divided by 48.
28
Calculate the remainder when 108 is divided by 3.
0
What is the remainder when 1530 is divided by 21?
18
What is the remainder when 92 is divided by 12?
8
Calculate the remainder when 15 is divided by 13.
2
Calculate the remainder when 1406 is divided by 84.
62
Calculate the remainder when 247 is divided by 63.
58
Calculate the remainder when 2235 is divided by 140.
135
What is the remainder when 305 is divided by 292?
13
Calculate the remainder when 394 is divided by 36.
34
Calculate the remainder when 482 is divided by 14.
6
What is the remainder when 369 is divided by 97?
78
What is the remainder when 188 is divided by 49?
41
Calculate the remainder when 145 is divided by 42.
19
What is the remainder when 208 is divided by 22?
10
What is the remainder when 1277 is divided by 5?
2
What is the remainder when 143 is divided by 31?
19
Calculate the remainder when 158 is divided by 38.
6
Calculate the remainder when 464 is divided by 18.
14
Calculate the remainder when 142 is divided by 33.
10
Calculate the remainder when 3471 is divided by 112.
111
What is the remainder when 1988 is divided by 89?
30
Calculate the remainder when 6489 is divided by 270.
9
What is the remainder when 337 is divided by 27?
13
Calculate the remainder when 520 is divided by 87.
85
What is the remainder when 1348 is divided by 45?
43
Calculate the remainder when 262 is divided by 4.
2
Calculate the remainder when 103124 is divided by 367.
364
Calculate the remainder when 800 is divided by 383.
34
Calculate the remainder when 1961 is divided by 11.
3
Calculate the remainder when 707 is divided by 49.
21
What is the remainder when 3480 is divided by 216?
24
What is the remainder when 138 is divided by 21?
12
Calculate the remainder when 2365 is divided by 37.
34
What is the remainder when 1658 is divided by 7?
6
What is the remainder when 82 is divided by 18?
10
What is the remainder when 478 is divided by 44?
38
What is the remainder when 1231 is divided by 14?
13
Calculate the remainder when 202 is divided by 72.
58
What is the remainder when 38 is divided by 23?
15
Calculate the remainder when 434 is divided by 111.
101
Calculate the remainder when 1021 is divided by 7.
6
Calculate the remainder when 132 is divided by 15.
12
What is the remainder when 132 is divided by 66?
0
What is the remainder when 110 is divided by 28?
26
Calculate the remainder when 260 is divided by 53.
48
What is the remainder when 126 is divided by 15?
6
Calculate the remainder when 236 is divided by 34.
32
What is the remainder when 1127 is divided by 12?
11
What is the remainder when 367 is divided by 10?
7
What is the remainder when 6069 is divided by 32?
21
Calculate the remainder when 214 is divided by 8.
6
What is the remainder when 981 is divided by 41?
38
What is the remainder when 2965 is divided by 28?
25
Calculate the remainder when 167 is divided by 19.
15
Calculate the remainder when 140 is divided by 24.
20
What is the remainder when 199 is divided by 40?
39
What is the remainder when 715 is divided by 103?
97
